b(u) be the second derivative of -1/24*u**4 + 5/6*u**3 - u + 0 + 1/2*u**2. Let n(l) be the first derivative of b(l). Calculate n(4).
1
Let q(l) be the third derivative of 0*l + 0*l**3 + 1/24*l**4 + 4*l**2 + 0. Determine q(-6).
-6
Let y(u) be the first derivative of -u**2/2 - 10*u - 5. Suppose -9 = -2*m - 5*l, 3*l = 3*m - m + 31. Give y(m).
-2
Let w(j) = j + 15. Let q be w(-12). Let x(t) = 15 - 27 + 16 - t**3 + q*t**2 - 3*t. Calculate x(3).
-5
Let f be 1 - (-2)/4*-2. Let t(l) = 7 - 2*l + f*l + 4*l. Let m be ((-18)/(-8) - 1)*-4. Calculate t(m).
-3
